{"id":10807,"date":"2021-08-06T14:12:58","date_gmt":"2021-08-06T12:12:58","guid":{"rendered":"https:\/\/www.voluntariness.org\/get-in-touch\/"},"modified":"2025-03-04T12:44:39","modified_gmt":"2025-03-04T11:44:39","slug":"kontakt","status":"publish","type":"page","link":"https:\/\/www.voluntariness.org\/de\/kontakt\/","title":{"rendered":"Kontakt"},"content":{"rendered":"<section class=\"l-section wpb_row height_auto width_full color_primary with_shape\"><div class=\"l-section-shape type_curve-inv pos_bottom\" style=\"height:15vmin;\"><svg xmlns=\"http:\/\/www.w3.org\/2000\/svg\" viewBox=\"0 8 64 8\" preserveAspectRatio=\"none\" width=\"100%\" height=\"100%\">\r\n\t<path fill=\"currentColor\" d=\"M64 15.9 Q32 0.4 0 15.9 L0 18 L64 18 Z\"\/>\r\n<\/svg><\/div><div class=\"l-section-h i-cf\"><div class=\"g-cols vc_row via_flex valign_bottom type_default stacking_default\"><div class=\"vc_col-sm-12 wpb_column vc_column_container\"><div class=\"vc_column-inner\"><div class=\"wpb_wrapper\"><div class=\"w-image us_custom_a5960a48 align_none\"><a title=\"Home\" href=\"https:\/\/www.voluntariness.org\/de\/\" aria-label=\"fv_logo_header_gedreht\" class=\"w-image-h\"><img decoding=\"async\" width=\"300\" height=\"300\" src=\"https:\/\/www.voluntariness.org\/wp-content\/uploads\/sites\/2\/2021\/09\/fv_logo_header_gedreht-300x300.png\" class=\"attachment-us_300_300 size-us_300_300\" alt=\"\" loading=\"lazy\" srcset=\"https:\/\/www.voluntariness.org\/wp-content\/uploads\/sites\/2\/2021\/09\/fv_logo_header_gedreht-300x300.png 300w, https:\/\/www.voluntariness.org\/wp-content\/uploads\/sites\/2\/2021\/09\/fv_logo_header_gedreht-250x250.png 250w, https:\/\/www.voluntariness.org\/wp-content\/uploads\/sites\/2\/2021\/09\/fv_logo_header_gedreht-150x150.png 150w, https:\/\/www.voluntariness.org\/wp-content\/uploads\/sites\/2\/2021\/09\/fv_logo_header_gedreht.png 710w\" sizes=\"auto, (max-width: 300px) 100vw, 300px\" \/><\/a><\/div><\/div><\/div><\/div><\/div><\/div><\/section><section class=\"l-section wpb_row height_medium\"><div class=\"l-section-h i-cf\"><div class=\"g-cols vc_row via_flex valign_top type_default reversed stacking_default\"><div class=\"vc_col-sm-4 wpb_column vc_column_container us_animate_afl\"><div class=\"vc_column-inner\"><div class=\"wpb_wrapper\"><div class=\"wpb_text_column\"><div class=\"wpb_wrapper\"><h1>Get in Touch!<\/h1>\n<\/div><\/div><div class=\"w-separator size_small\"><\/div><div class=\"wpb_text_column us_custom_432d3f53\"><div class=\"wpb_wrapper\"><p>Die Forschungsgruppe Freiwilligkeit besteht aus sieben Teilprojekten, die an drei verschiedenen Universit\u00e4ten angesiedelt sind. Neunzehn Wissenschaftler*innen, studentische Hilfskr\u00e4fte und Verwaltungsangestellte bilden die Gesamtgruppe. Die gemeinsame Forschungsarbeit lebt von regelm\u00e4\u00dfigen Treffen sowie einem regen wissenschaftlichen Austausch \u00fcber Arbeitsfortschritte untereinander.<\/p>\n<p>Unser Koordinationsteam, das am Historischen Seminar der Universit\u00e4t Erfurt angesiedelt ist, sorgt f\u00fcr einen gut strukturierten Arbeitszusammenhang. Das Team organisiert unsere Treffen, Vortr\u00e4ge sowie Veranstaltungen und verwaltet unsere Forschungsdaten. Wenn Sie weiteres Interesse an unserem Projekt oder Fragen haben, nehmen Sie gerne Kontakt zu uns auf!<\/p>\n<\/div><\/div><\/div><\/div><\/div><div class=\"vc_col-sm-8 wpb_column vc_column_container us_animate_afr stretched\"><div class=\"vc_column-inner\"><div class=\"wpb_wrapper\"><div class=\"w-image us_custom_5e8a7298 align_none\"><div class=\"w-image-h\"><img decoding=\"async\" width=\"1280\" height=\"800\" src=\"https:\/\/www.voluntariness.org\/wp-content\/uploads\/sites\/2\/2021\/03\/get-in-touch.png\" class=\"attachment-full size-full\" alt=\"\" loading=\"lazy\" srcset=\"https:\/\/www.voluntariness.org\/wp-content\/uploads\/sites\/2\/2021\/03\/get-in-touch.png 1280w, https:\/\/www.voluntariness.org\/wp-content\/uploads\/sites\/2\/2021\/03\/get-in-touch-300x188.png 300w, https:\/\/www.voluntariness.org\/wp-content\/uploads\/sites\/2\/2021\/03\/get-in-touch-1024x640.png 1024w\" sizes=\"auto, (max-width: 1280px) 100vw, 1280px\" \/><\/div><\/div><\/div><\/div><\/div><\/div><\/div><\/section><section class=\"l-section wpb_row height_small color_secondary\" id=\"finden\"><div class=\"l-section-h i-cf\"><div class=\"g-cols vc_row via_flex valign_top type_default stacking_default\"><div class=\"vc_col-sm-12 wpb_column vc_column_container\"><div class=\"vc_column-inner us_custom_e7fd430a\"><div class=\"wpb_wrapper\"><div class=\"wpb_text_column with_collapsible_content\" data-content-height=\"400px\"><div class=\"wpb_wrapper\"><h2 style=\"text-align: center\">Kontakt<\/h2>\n<p style=\"text-align: center\">So finden Sie uns \u00a0 |\u00a0\u00a0 Koordinationsteam<\/p>\n<\/div><div class=\"toggle-links align_none\"><button class=\"collapsible-content-more\">Mehr anzeigen<\/button><button class=\"collapsible-content-less\">Weniger anzeigen<\/button><\/div><\/div><\/div><\/div><\/div><\/div><\/div><\/section><section class=\"l-section wpb_row height_small color_alternate\"><div class=\"l-section-h i-cf\"><div class=\"g-cols vc_row via_flex valign_top type_default reversed stacking_default\"><div class=\"vc_col-sm-4 wpb_column vc_column_container stretched\"><div class=\"vc_column-inner\"><div class=\"wpb_wrapper\"><div class=\"wpb_text_column\"><div class=\"wpb_wrapper\"><h3>Auf dem Campus der Universit\u00e4t Erfurt<\/h3>\n<p>Universit\u00e4t Erfurt\u00a0\u00a0\u00a0 |\u00a0\u00a0 Nordh\u00e4user Stra\u00dfe 63\u00a0\u00a0 |\u00a0\u00a0 99089 Erfurt<\/p>\n<p>Historisches Seminar\u00a0\u00a0\u00a0 |\u00a0\u00a0 Professur f\u00fcr Nordamerikanische Geschichte (Sprecher)<\/p>\n<p>Forschungsbau &#8220;Weltbeziehungen&#8221; (C19) |\u00a0\u00a0 1. Stock \u00a0 |\u00a0\u00a0 Raum C19.01.01<\/p>\n<\/div><\/div><\/div><\/div><\/div><div class=\"vc_col-sm-4 wpb_column vc_column_container stretched\"><div class=\"vc_column-inner us_custom_432d3f53\"><div class=\"wpb_wrapper\"><div class=\"wpb_text_column\"><div class=\"wpb_wrapper\"><h3>Postanschrift<\/h3>\n<p>Universit\u00e4t Erfurt<\/p>\n<p>Professur f\u00fcr Nordamerikanische Geschichte\u00a0\u00a0 |\u00a0\u00a0 Forschungsgruppe Freiwilligkeit<\/p>\n<p>Postfach 900211\u00a0\u00a0 |\u00a0\u00a0 99105 Erfurt<\/p>\n<\/div><\/div><\/div><\/div><\/div><div class=\"vc_col-sm-4 wpb_column vc_column_container stretched\"><div class=\"vc_column-inner\"><div class=\"wpb_wrapper\"><div class=\"w-grid us_grid us_custom_606c459c has_text_color type_grid layout_8177 cols_1 preload_style_spinner\" id=\"us_grid_1\" style=\"--columns:1;--gap:1.5rem;\"><style>.layout_8177 .w-grid-item-h{}.layout_8177 .usg_post_image_1{width:30%!important;margin-right:5%!important;margin-left:0!important}.layout_8177 .usg_vwrapper_1{width:65%!important}.layout_8177 .usg_post_title_1{color:var(--color-alt-content-bg-alt)!important;font-size:1.4rem!important}.layout_8177 .usg_hwrapper_2{color:var(--color-content-secondary)!important;font-size:0.9rem!important}.layout_8177 .usg_post_taxonomy_1{color:var(--color-alt-content-text)!important}@media (max-width:600px){.layout_8177 .usg_post_image_1{width:100%!important;margin-right:0!important;margin-left:0!important;margin-bottom:5%!important}.layout_8177 .usg_vwrapper_1{width:100%!important}}<\/style><div class=\"w-grid-list\">\t<article class=\"w-grid-item size_1x1 post-10643 us_portfolio type-us_portfolio status-publish has-post-thumbnail hentry us_portfolio_category-autor us_portfolio_category-mitarbeiter us_portfolio_tag-wissenschaftliche-koordinatorin-seit-2020-de\" data-id=\"10643\">\r\n\t\t<div class=\"w-grid-item-h\">\r\n\t\t\t\t\t\t<div class=\"w-hwrapper usg_hwrapper_1 align_left valign_top wrap\"><div class=\"w-post-elm post_image usg_post_image_1 as_circle has_width has_ratio\"><a href=\"https:\/\/www.voluntariness.org\/de\/project\/stefanie-buettner\/\" aria-label=\"Stefanie B\u00fcttner\"><img loading=\"lazy\" decoding=\"async\" width=\"1781\" height=\"1781\" src=\"https:\/\/www.voluntariness.org\/wp-content\/uploads\/sites\/2\/2021\/03\/buettner_web-3.jpg\" class=\"attachment-us_600_600_crop size-us_600_600_crop wp-post-image\" alt=\"Stefanie Buettner\" \/><\/a><div style=\"padding-bottom:100%\"><\/div><\/div><div class=\"w-vwrapper usg_vwrapper_1 align_left valign_top\"><h2 class=\"w-post-elm post_title usg_post_title_1 has_text_color entry-title color_link_inherit\"><a href=\"https:\/\/www.voluntariness.org\/de\/project\/stefanie-buettner\/\">Stefanie B\u00fcttner<\/a><\/h2><div class=\"w-hwrapper usg_hwrapper_2 has_text_color align_left valign_top wrap\"><div class=\"w-post-elm post_taxonomy usg_post_taxonomy_1 has_text_color style_simple color_link_inherit\"><span class=\"term-389 term-wissenschaftliche-koordinatorin-seit-2020-de\">Wissenschaftliche Koordinatorin seit 2020<\/span><\/div><\/div><\/div><\/div>\t\t<\/div>\r\n\t\t\t<\/article>\r\n<\/div>\t<div class=\"w-grid-preloader\">\r\n\t\t<div class=\"g-preloader type_1\">\r\n\t\t\t<div><\/div>\r\n\t\t<\/div>\r\n\t<\/div>\r\n\t\t<div class=\"w-grid-json hidden\" onclick='return {&quot;action&quot;:&quot;us_ajax_grid&quot;,&quot;infinite_scroll&quot;:0,&quot;max_num_pages&quot;:2,&quot;pagination&quot;:&quot;none&quot;,&quot;template_vars&quot;:{&quot;columns&quot;:&quot;1&quot;,&quot;exclude_items&quot;:&quot;prev&quot;,&quot;img_size&quot;:&quot;default&quot;,&quot;ignore_items_size&quot;:0,&quot;items_layout&quot;:&quot;8177&quot;,&quot;items_offset&quot;:&quot;1&quot;,&quot;load_animation&quot;:&quot;none&quot;,&quot;overriding_link&quot;:&quot;{\\&quot;url\\&quot;:\\&quot;\\&quot;}&quot;,&quot;post_id&quot;:0,&quot;query_args&quot;:{&quot;ignore_sticky_posts&quot;:1,&quot;post_type&quot;:&quot;any&quot;,&quot;post__in&quot;:[&quot;8196&quot;,&quot;8635&quot;,&quot;8233&quot;,&quot;8231&quot;,&quot;10643&quot;],&quot;posts_per_page&quot;:&quot;1&quot;},&quot;orderby_query_args&quot;:{&quot;orderby&quot;:{&quot;post__in&quot;:&quot;ASC&quot;},&quot;order&quot;:&quot;ASC&quot;},&quot;type&quot;:&quot;grid&quot;,&quot;us_grid_post_type&quot;:&quot;ids&quot;,&quot;us_grid_ajax_index&quot;:1,&quot;us_grid_filter_query_string&quot;:null,&quot;us_grid_index&quot;:1,&quot;page_args&quot;:[],&quot;lang&quot;:&quot;de&quot;}}'><\/div>\r\n\t<\/div><\/div><\/div><\/div><\/div><\/div><\/section>\n","protected":false},"excerpt":{"rendered":"\u00dcber Stefanie Stefanie B\u00fcttner unterst\u00fctzt die Forschungsgruppe Freiwilligkeit als wissenschaftliche Koordinatorin. Sie studierte Nordamerikanische Geschichte und Geografie an der Universit\u00e4t zu K\u00f6ln und schloss 2023 in Erfurt ihre Dissertation ab, mit einem Thema zu Ern\u00e4hrung, Genuss und Subjektivierung in der US-Zeitgeschichte. FachbereichNordamerikanische Geschichte OrtUniversit\u00e4t Erfurt Historisches Seminar Emailstefanie.buettner@uni-erfurt.de Stefanie B\u00fcttnerWissenschaftliche KoordinatorinhomeWeitere Mitwirkende Alexander Oberm\u00fcllerAffiliiertes Mitglied...","protected":false},"author":4,"featured_media":11198,"parent":0,"menu_order":0,"comment_status":"closed","ping_status":"closed","template":"","meta":{"footnotes":""},"class_list":["post-10807","page","type-page","status-publish","has-post-thumbnail","hentry"],"_links":{"self":[{"href":"https:\/\/www.voluntariness.org\/de\/wp-json\/wp\/v2\/pages\/10807","targetHints":{"allow":["GET"]}}],"collection":[{"href":"https:\/\/www.voluntariness.org\/de\/wp-json\/wp\/v2\/pages"}],"about":[{"href":"https:\/\/www.voluntariness.org\/de\/wp-json\/wp\/v2\/types\/page"}],"author":[{"embeddable":true,"href":"https:\/\/www.voluntariness.org\/de\/wp-json\/wp\/v2\/users\/4"}],"replies":[{"embeddable":true,"href":"https:\/\/www.voluntariness.org\/de\/wp-json\/wp\/v2\/comments?post=10807"}],"version-history":[{"count":22,"href":"https:\/\/www.voluntariness.org\/de\/wp-json\/wp\/v2\/pages\/10807\/revisions"}],"predecessor-version":[{"id":15303,"href":"https:\/\/www.voluntariness.org\/de\/wp-json\/wp\/v2\/pages\/10807\/revisions\/15303"}],"wp:featuredmedia":[{"embeddable":true,"href":"https:\/\/www.voluntariness.org\/de\/wp-json\/wp\/v2\/media\/11198"}],"wp:attachment":[{"href":"https:\/\/www.voluntariness.org\/de\/wp-json\/wp\/v2\/media?parent=10807"}],"curies":[{"name":"wp","href":"https:\/\/api.w.org\/{rel}","templated":true}]}}

<section class="l-section wpb_row height_auto width_full color_primary with_shape"><div class="l-section-shape type_curve-inv pos_bottom" style="height:15vmin;"><svg xmlns="http://www.w3.org/2000/svg" viewBox="0 8 64 8" preserveAspectRatio="none" width="100%" height="100%">
	<path fill="currentColor" d="M64 15.9 Q32 0.4 0 15.9 L0 18 L64 18 Z"/>
</svg></div><div class="l-section-h i-cf"><div class="g-cols vc_row via_flex valign_bottom type_default stacking_default"><div class="vc_col-sm-12 wpb_column vc_column_container"><div class="vc_column-inner"><div class="wpb_wrapper"><div class="w-image us_custom_a5960a48 align_none"><a title="Home" href="https://www.voluntariness.org/de/" aria-label="fv_logo_header_gedreht" class="w-image-h"><img decoding="async" width="300" height="300" src="https://www.voluntariness.org/wp-content/uploads/sites/2/2021/09/fv_logo_header_gedreht-300x300.png" class="attachment-us_300_300 size-us_300_300" alt="" loading="lazy" srcset="https://www.voluntariness.org/wp-content/uploads/sites/2/2021/09/fv_logo_header_gedreht-300x300.png 300w, https://www.voluntariness.org/wp-content/uploads/sites/2/2021/09/fv_logo_header_gedreht-250x250.png 250w, https://www.voluntariness.org/wp-content/uploads/sites/2/2021/09/fv_logo_header_gedreht-150x150.png 150w, https://www.voluntariness.org/wp-content/uploads/sites/2/2021/09/fv_logo_header_gedreht.png 710w" sizes="auto, (max-width: 300px) 100vw, 300px" /></a></div></div></div></div></div></div></section><section class="l-section wpb_row height_medium"><div class="l-section-h i-cf"><div class="g-cols vc_row via_flex valign_top type_default reversed stacking_default"><div class="vc_col-sm-4 wpb_column vc_column_container us_animate_afl"><div class="vc_column-inner"><div class="wpb_wrapper"><div class="wpb_text_column"><div class="wpb_wrapper"><h1>Get in Touch!</h1>
</div></div><div class="w-separator size_small"></div><div class="wpb_text_column us_custom_432d3f53"><div class="wpb_wrapper"><p>Die Forschungsgruppe Freiwilligkeit besteht aus sieben Teilprojekten, die an drei verschiedenen Universitäten angesiedelt sind. Neunzehn Wissenschaftler*innen, studentische Hilfskräfte und Verwaltungsangestellte bilden die Gesamtgruppe. Die gemeinsame Forschungsarbeit lebt von regelmäßigen Treffen sowie einem regen wissenschaftlichen Austausch über Arbeitsfortschritte untereinander.</p>
<p>Unser Koordinationsteam, das am Historischen Seminar der Universität Erfurt angesiedelt ist, sorgt für einen gut strukturierten Arbeitszusammenhang. Das Team organisiert unsere Treffen, Vorträge sowie Veranstaltungen und verwaltet unsere Forschungsdaten. Wenn Sie weiteres Interesse an unserem Projekt oder Fragen haben, nehmen Sie gerne Kontakt zu uns auf!</p>
</div></div></div></div></div><div class="vc_col-sm-8 wpb_column vc_column_container us_animate_afr stretched"><div class="vc_column-inner"><div class="wpb_wrapper"><div class="w-image us_custom_5e8a7298 align_none"><div class="w-image-h"><img decoding="async" width="1280" height="800" src="https://www.voluntariness.org/wp-content/uploads/sites/2/2021/03/get-in-touch.png" class="attachment-full size-full" alt="" loading="lazy" srcset="https://www.voluntariness.org/wp-content/uploads/sites/2/2021/03/get-in-touch.png 1280w, https://www.voluntariness.org/wp-content/uploads/sites/2/2021/03/get-in-touch-300x188.png 300w, https://www.voluntariness.org/wp-content/uploads/sites/2/2021/03/get-in-touch-1024x640.png 1024w" sizes="auto, (max-width: 1280px) 100vw, 1280px" /></div></div></div></div></div></div></div></section><section class="l-section wpb_row height_small color_secondary" id="finden"><div class="l-section-h i-cf"><div class="g-cols vc_row via_flex valign_top type_default stacking_default"><div class="vc_col-sm-12 wpb_column vc_column_container"><div class="vc_column-inner us_custom_e7fd430a"><div class="wpb_wrapper"><div class="wpb_text_column with_collapsible_content" data-content-height="400px"><div class="wpb_wrapper"><h2 style="text-align: center">Kontakt</h2>
<p style="text-align: center">So finden Sie uns   |   Koordinationsteam</p>
</div><div class="toggle-links align_none"><button class="collapsible-content-more">Mehr anzeigen</button><button class="collapsible-content-less">Weniger anzeigen</button></div></div></div></div></div></div></div></section><section class="l-section wpb_row height_small color_alternate"><div class="l-section-h i-cf"><div class="g-cols vc_row via_flex valign_top type_default reversed stacking_default"><div class="vc_col-sm-4 wpb_column vc_column_container stretched"><div class="vc_column-inner"><div class="wpb_wrapper"><div class="wpb_text_column"><div class="wpb_wrapper"><h3>Auf dem Campus der Universität Erfurt</h3>
<p>Universität Erfurt    |   Nordhäuser Straße 63   |   99089 Erfurt</p>
<p>Historisches Seminar    |   Professur für Nordamerikanische Geschichte (Sprecher)</p>
<p>Forschungsbau &#8220;Weltbeziehungen&#8221; (C19) |   1. Stock   |   Raum C19.01.01</p>
</div></div></div></div></div><div class="vc_col-sm-4 wpb_column vc_column_container stretched"><div class="vc_column-inner us_custom_432d3f53"><div class="wpb_wrapper"><div class="wpb_text_column"><div class="wpb_wrapper"><h3>Postanschrift</h3>
<p>Universität Erfurt</p>
<p>Professur für Nordamerikanische Geschichte   |   Forschungsgruppe Freiwilligkeit</p>
<p>Postfach 900211   |   99105 Erfurt</p>
</div></div></div></div></div><div class="vc_col-sm-4 wpb_column vc_column_container stretched"><div class="vc_column-inner"><div class="wpb_wrapper"><div class="w-grid us_grid us_custom_606c459c has_text_color type_grid layout_8177 cols_1 preload_style_spinner" id="us_grid_1" style="--columns:1;--gap:1.5rem;"><style>.layout_8177 .w-grid-item-h{}.layout_8177 .usg_post_image_1{width:30%!important;margin-right:5%!important;margin-left:0!important}.layout_8177 .usg_vwrapper_1{width:65%!important}.layout_8177 .usg_post_title_1{color:var(--color-alt-content-bg-alt)!important;font-size:1.4rem!important}.layout_8177 .usg_hwrapper_2{color:var(--color-content-secondary)!important;font-size:0.9rem!important}.layout_8177 .usg_post_taxonomy_1{color:var(--color-alt-content-text)!important}@media (max-width:600px){.layout_8177 .usg_post_image_1{width:100%!important;margin-right:0!important;margin-left:0!important;margin-bottom:5%!important}.layout_8177 .usg_vwrapper_1{width:100%!important}}</style><div class="w-grid-list">	<article class="w-grid-item size_1x1 post-10643 us_portfolio type-us_portfolio status-publish has-post-thumbnail hentry us_portfolio_category-autor us_portfolio_category-mitarbeiter us_portfolio_tag-wissenschaftliche-koordinatorin-seit-2020-de" data-id="10643">
		<div class="w-grid-item-h">
						<div class="w-hwrapper usg_hwrapper_1 align_left valign_top wrap"><div class="w-post-elm post_image usg_post_image_1 as_circle has_width has_ratio"><a href="https://www.voluntariness.org/de/project/stefanie-buettner/" aria-label="Stefanie Büttner"><img loading="lazy" decoding="async" width="1781" height="1781" src="https://www.voluntariness.org/wp-content/uploads/sites/2/2021/03/buettner_web-3.jpg" class="attachment-us_600_600_crop size-us_600_600_crop wp-post-image" alt="Stefanie Buettner" /></a><div style="padding-bottom:100%"></div></div><div class="w-vwrapper usg_vwrapper_1 align_left valign_top"><h2 class="w-post-elm post_title usg_post_title_1 has_text_color entry-title color_link_inherit"><a href="https://www.voluntariness.org/de/project/stefanie-buettner/">Stefanie Büttner</a></h2><div class="w-hwrapper usg_hwrapper_2 has_text_color align_left valign_top wrap"><div class="w-post-elm post_taxonomy usg_post_taxonomy_1 has_text_color style_simple color_link_inherit"><span class="term-389 term-wissenschaftliche-koordinatorin-seit-2020-de">Wissenschaftliche Koordinatorin seit 2020</span></div></div></div></div>		</div>
			</article>
</div>	<div class="w-grid-preloader">
		<div class="g-preloader type_1">
			<div></div>
		</div>
	</div>
		<div class="w-grid-json hidden" onclick='return {&quot;action&quot;:&quot;us_ajax_grid&quot;,&quot;infinite_scroll&quot;:0,&quot;max_num_pages&quot;:2,&quot;pagination&quot;:&quot;none&quot;,&quot;template_vars&quot;:{&quot;columns&quot;:&quot;1&quot;,&quot;exclude_items&quot;:&quot;prev&quot;,&quot;img_size&quot;:&quot;default&quot;,&quot;ignore_items_size&quot;:0,&quot;items_layout&quot;:&quot;8177&quot;,&quot;items_offset&quot;:&quot;1&quot;,&quot;load_animation&quot;:&quot;none&quot;,&quot;overriding_link&quot;:&quot;{\&quot;url\&quot;:\&quot;\&quot;}&quot;,&quot;post_id&quot;:0,&quot;query_args&quot;:{&quot;ignore_sticky_posts&quot;:1,&quot;post_type&quot;:&quot;any&quot;,&quot;post__in&quot;:[&quot;8196&quot;,&quot;8635&quot;,&quot;8233&quot;,&quot;8231&quot;,&quot;10643&quot;],&quot;posts_per_page&quot;:&quot;1&quot;},&quot;orderby_query_args&quot;:{&quot;orderby&quot;:{&quot;post__in&quot;:&quot;ASC&quot;},&quot;order&quot;:&quot;ASC&quot;},&quot;type&quot;:&quot;grid&quot;,&quot;us_grid_post_type&quot;:&quot;ids&quot;,&quot;us_grid_ajax_index&quot;:1,&quot;us_grid_filter_query_string&quot;:null,&quot;us_grid_index&quot;:1,&quot;page_args&quot;:[],&quot;lang&quot;:&quot;de&quot;}}'></div>
	</div></div></div></div></div></div></section>

Über Stefanie Stefanie Büttner unterstützt die Forschungsgruppe Freiwilligkeit als wissenschaftliche Koordinatorin. Sie studierte Nordamerikanische Geschichte und Geografie an der Universität zu Köln und schloss 2023 in Erfurt ihre Dissertation ab, mit einem Thema zu Ernährung, Genuss und Subjektivierung in der US-Zeitgeschichte. FachbereichNordamerikanische Geschichte OrtUniversität Erfurt Historisches Seminar Emailstefanie.buettner@uni-erfurt.de Stefanie BüttnerWissenschaftliche KoordinatorinhomeWeitere Mitwirkende Alexander ObermüllerAffiliiertes Mitglied...
